{"id":1224,"date":"2025-08-29T14:59:57","date_gmt":"2025-08-29T17:59:57","guid":{"rendered":"https:\/\/www.portalcop30.org\/?post_type=webinar&#038;p=1224"},"modified":"2025-08-29T15:29:47","modified_gmt":"2025-08-29T18:29:47","slug":"cop30-webinar-series-in-practice-updates-for-business-sector-participation","status":"publish","type":"webinar","link":"https:\/\/www.portalcop30.org\/en\/webinar\/serie-de-webinars-cop30-na-pratica-atualizacoes-para-a-participacao-do-setor-empresarial\/","title":{"rendered":"Webinar Series | COP30 in Practice: Updates for Business Sector Participation"},"content":{"rendered":"<p>&nbsp;\u201c&quot;COP30 in practice: updates for business sector participation&quot; will provide information on Amcham&#039;s activities, the operation of the Green and Blue Zones, the Brazilian Pavilions, and general guidelines for private sector accreditation.<\/p>\n\n\n\n<p><\/p>","protected":false},"featured_media":0,"template":"","regiao":[],"setor":[],"class_list":["post-1224","webinar","type-webinar","status-publish","hentry"],"acf":[],"yoast_head":"<!-- This site is optimized with the Yoast SEO plugin v27.5 - https:\/\/yoast.com\/product\/yoast-seo-wordpress\/ -->\n<title>Portal COP30 - Amcham Brasil<\/title>\n<meta name=\"robots\" content=\"index, follow, max-snippet:-1, max-image-preview:large, max-video-preview:-1\" \/>\n<link rel=\"canonical\" href=\"https:\/\/www.portalcop30.org\/en\/webinar\/cop30-webinar-series-in-practice-updates-for-business-sector-participation\/\" \/>\n<meta property=\"og:locale\" content=\"en_US\" \/>\n<meta property=\"og:type\" content=\"article\" \/>\n<meta property=\"og:title\" content=\"Portal COP30 - Amcham Brasil\" \/>\n<meta property=\"og:description\" content=\"&nbsp;\u201cA COP30 na pr\u00e1tica: atualiza\u00e7\u00f5es para a participa\u00e7\u00e3o do setor empresarial\u201d que trar\u00e1 informa\u00e7\u00f5es sobre a atua\u00e7\u00e3o da Amcham, o funcionamento das Green e Blue Zones, os Pavilh\u00f5es do Brasil e orienta\u00e7\u00f5es gerais para o credenciamento do setor privado.\" \/>\n<meta property=\"og:url\" content=\"https:\/\/www.portalcop30.org\/en\/webinar\/cop30-webinar-series-in-practice-updates-for-business-sector-participation\/\" \/>\n<meta property=\"og:site_name\" content=\"Portal COP30 - Amcham Brasil\" \/>\n<meta property=\"article:modified_time\" content=\"2025-08-29T18:29:47+00:00\" \/>\n<meta name=\"twitter:card\" content=\"summary_large_image\" \/>\n<meta name=\"twitter:label1\" content=\"Est. reading time\" \/>\n\t<meta name=\"twitter:data1\" content=\"1 minute\" \/>\n<script type=\"application\/ld+json\" class=\"yoast-schema-graph\">{\"@context\":\"https:\\\/\\\/schema.org\",\"@graph\":[{\"@type\":\"WebPage\",\"@id\":\"https:\\\/\\\/www.portalcop30.org\\\/webinar\\\/serie-de-webinars-cop30-na-pratica-atualizacoes-para-a-participacao-do-setor-empresarial\\\/\",\"url\":\"https:\\\/\\\/www.portalcop30.org\\\/webinar\\\/serie-de-webinars-cop30-na-pratica-atualizacoes-para-a-participacao-do-setor-empresarial\\\/\",\"name\":\"Portal COP30 - Amcham Brasil\",\"isPartOf\":{\"@id\":\"https:\\\/\\\/www.portalcop30.org\\\/#website\"},\"datePublished\":\"2025-08-29T17:59:57+00:00\",\"dateModified\":\"2025-08-29T18:29:47+00:00\",\"breadcrumb\":{\"@id\":\"https:\\\/\\\/www.portalcop30.org\\\/webinar\\\/serie-de-webinars-cop30-na-pratica-atualizacoes-para-a-participacao-do-setor-empresarial\\\/#breadcrumb\"},\"inLanguage\":\"en-US\",\"potentialAction\":[{\"@type\":\"ReadAction\",\"target\":[\"https:\\\/\\\/www.portalcop30.org\\\/webinar\\\/serie-de-webinars-cop30-na-pratica-atualizacoes-para-a-participacao-do-setor-empresarial\\\/\"]}]},{\"@type\":\"BreadcrumbList\",\"@id\":\"https:\\\/\\\/www.portalcop30.org\\\/webinar\\\/serie-de-webinars-cop30-na-pratica-atualizacoes-para-a-participacao-do-setor-empresarial\\\/#breadcrumb\",\"itemListElement\":[{\"@type\":\"ListItem\",\"position\":1,\"name\":\"Home\",\"item\":\"https:\\\/\\\/www.portalcop30.org\\\/\"},{\"@type\":\"ListItem\",\"position\":2,\"name\":\"S\u00e9rie de Webinars | COP30 na pr\u00e1tica: atualiza\u00e7\u00f5es para a participa\u00e7\u00e3o do setor empresarial\"}]},{\"@type\":\"WebSite\",\"@id\":\"https:\\\/\\\/www.portalcop30.org\\\/#website\",\"url\":\"https:\\\/\\\/www.portalcop30.org\\\/\",\"name\":\"Portal COP30 - Amcham Brasil\",\"description\":\"\",\"potentialAction\":[{\"@type\":\"SearchAction\",\"target\":{\"@type\":\"EntryPoint\",\"urlTemplate\":\"https:\\\/\\\/www.portalcop30.org\\\/?s={search_term_string}\"},\"query-input\":{\"@type\":\"PropertyValueSpecification\",\"valueRequired\":true,\"valueName\":\"search_term_string\"}}],\"inLanguage\":\"en-US\"}]}<\/script>\n<!-- \/ Yoast SEO plugin. -->","yoast_head_json":{"title":"COP30 Portal - Amcham Brasil","robots":{"index":"index","follow":"follow","max-snippet":"max-snippet:-1","max-image-preview":"max-image-preview:large","max-video-preview":"max-video-preview:-1"},"canonical":"https:\/\/www.portalcop30.org\/en\/webinar\/cop30-webinar-series-in-practice-updates-for-business-sector-participation\/","og_locale":"en_US","og_type":"article","og_title":"Portal COP30 - Amcham Brasil","og_description":"&nbsp;\u201cA COP30 na pr\u00e1tica: atualiza\u00e7\u00f5es para a participa\u00e7\u00e3o do setor empresarial\u201d que trar\u00e1 informa\u00e7\u00f5es sobre a atua\u00e7\u00e3o da Amcham, o funcionamento das Green e Blue Zones, os Pavilh\u00f5es do Brasil e orienta\u00e7\u00f5es gerais para o credenciamento do setor privado.","og_url":"https:\/\/www.portalcop30.org\/en\/webinar\/cop30-webinar-series-in-practice-updates-for-business-sector-participation\/","og_site_name":"Portal COP30 - Amcham Brasil","article_modified_time":"2025-08-29T18:29:47+00:00","twitter_card":"summary_large_image","twitter_misc":{"Est. reading time":"1 minute"},"schema":{"@context":"https:\/\/schema.org","@graph":[{"@type":"WebPage","@id":"https:\/\/www.portalcop30.org\/webinar\/serie-de-webinars-cop30-na-pratica-atualizacoes-para-a-participacao-do-setor-empresarial\/","url":"https:\/\/www.portalcop30.org\/webinar\/serie-de-webinars-cop30-na-pratica-atualizacoes-para-a-participacao-do-setor-empresarial\/","name":"COP30 Portal - Amcham Brasil","isPartOf":{"@id":"https:\/\/www.portalcop30.org\/#website"},"datePublished":"2025-08-29T17:59:57+00:00","dateModified":"2025-08-29T18:29:47+00:00","breadcrumb":{"@id":"https:\/\/www.portalcop30.org\/webinar\/serie-de-webinars-cop30-na-pratica-atualizacoes-para-a-participacao-do-setor-empresarial\/#breadcrumb"},"inLanguage":"en-US","potentialAction":[{"@type":"ReadAction","target":["https:\/\/www.portalcop30.org\/webinar\/serie-de-webinars-cop30-na-pratica-atualizacoes-para-a-participacao-do-setor-empresarial\/"]}]},{"@type":"BreadcrumbList","@id":"https:\/\/www.portalcop30.org\/webinar\/serie-de-webinars-cop30-na-pratica-atualizacoes-para-a-participacao-do-setor-empresarial\/#breadcrumb","itemListElement":[{"@type":"ListItem","position":1,"name":"Home","item":"https:\/\/www.portalcop30.org\/"},{"@type":"ListItem","position":2,"name":"S\u00e9rie de Webinars | COP30 na pr\u00e1tica: atualiza\u00e7\u00f5es para a participa\u00e7\u00e3o do setor empresarial"}]},{"@type":"WebSite","@id":"https:\/\/www.portalcop30.org\/#website","url":"https:\/\/www.portalcop30.org\/","name":"COP30 Portal - Amcham Brasil","description":"","potentialAction":[{"@type":"SearchAction","target":{"@type":"EntryPoint","urlTemplate":"https:\/\/www.portalcop30.org\/?s={search_term_string}"},"query-input":{"@type":"PropertyValueSpecification","valueRequired":true,"valueName":"search_term_string"}}],"inLanguage":"en-US"}]}},"_links":{"self":[{"href":"https:\/\/www.portalcop30.org\/en\/wp-json\/wp\/v2\/webinar\/1224","targetHints":{"allow":["GET"]}}],"collection":[{"href":"https:\/\/www.portalcop30.org\/en\/wp-json\/wp\/v2\/webinar"}],"about":[{"href":"https:\/\/www.portalcop30.org\/en\/wp-json\/wp\/v2\/types\/webinar"}],"wp:attachment":[{"href":"https:\/\/www.portalcop30.org\/en\/wp-json\/wp\/v2\/media?parent=1224"}],"wp:term":[{"taxonomy":"regiao","embeddable":true,"href":"https:\/\/www.portalcop30.org\/en\/wp-json\/wp\/v2\/regiao?post=1224"},{"taxonomy":"setor","embeddable":true,"href":"https:\/\/www.portalcop30.org\/en\/wp-json\/wp\/v2\/setor?post=1224"}],"curies":[{"name":"wp","href":"https:\/\/api.w.org\/{rel}","templated":true}]}}

<!-- This site is optimized with the Yoast SEO plugin v27.5 - https://yoast.com/product/yoast-seo-wordpress/ -->
<title>Portal COP30 - Amcham Brasil</title>
<meta name="robots" content="index, follow, max-snippet:-1, max-image-preview:large, max-video-preview:-1" />
<link rel="canonical" href="https://www.portalcop30.org/en/webinar/cop30-webinar-series-in-practice-updates-for-business-sector-participation/" />
<meta property="og:locale" content="en_US" />
<meta property="og:type" content="article" />
<meta property="og:title" content="Portal COP30 - Amcham Brasil" />
<meta property="og:description" content="&nbsp;“A COP30 na prática: atualizações para a participação do setor empresarial” que trará informações sobre a atuação da Amcham, o funcionamento das Green e Blue Zones, os Pavilhões do Brasil e orientações gerais para o credenciamento do setor privado." />
<meta property="og:url" content="https://www.portalcop30.org/en/webinar/cop30-webinar-series-in-practice-updates-for-business-sector-participation/" />
<meta property="og:site_name" content="Portal COP30 - Amcham Brasil" />
<meta property="article:modified_time" content="2025-08-29T18:29:47+00:00" />
<meta name="twitter:card" content="summary_large_image" />
<meta name="twitter:label1" content="Est. reading time" />
	<meta name="twitter:data1" content="1 minute" />
<script type="application/ld+json" class="yoast-schema-graph">{"@context":"https:\/\/schema.org","@graph":[{"@type":"WebPage","@id":"https:\/\/www.portalcop30.org\/webinar\/serie-de-webinars-cop30-na-pratica-atualizacoes-para-a-participacao-do-setor-empresarial\/","url":"https:\/\/www.portalcop30.org\/webinar\/serie-de-webinars-cop30-na-pratica-atualizacoes-para-a-participacao-do-setor-empresarial\/","name":"Portal COP30 - Amcham Brasil","isPartOf":{"@id":"https:\/\/www.portalcop30.org\/#website"},"datePublished":"2025-08-29T17:59:57+00:00","dateModified":"2025-08-29T18:29:47+00:00","breadcrumb":{"@id":"https:\/\/www.portalcop30.org\/webinar\/serie-de-webinars-cop30-na-pratica-atualizacoes-para-a-participacao-do-setor-empresarial\/#breadcrumb"},"inLanguage":"en-US","potentialAction":[{"@type":"ReadAction","target":["https:\/\/www.portalcop30.org\/webinar\/serie-de-webinars-cop30-na-pratica-atualizacoes-para-a-participacao-do-setor-empresarial\/"]}]},{"@type":"BreadcrumbList","@id":"https:\/\/www.portalcop30.org\/webinar\/serie-de-webinars-cop30-na-pratica-atualizacoes-para-a-participacao-do-setor-empresarial\/#breadcrumb","itemListElement":[{"@type":"ListItem","position":1,"name":"Home","item":"https:\/\/www.portalcop30.org\/"},{"@type":"ListItem","position":2,"name":"Série de Webinars | COP30 na prática: atualizações para a participação do setor empresarial"}]},{"@type":"WebSite","@id":"https:\/\/www.portalcop30.org\/#website","url":"https:\/\/www.portalcop30.org\/","name":"Portal COP30 - Amcham Brasil","description":"","potentialAction":[{"@type":"SearchAction","target":{"@type":"EntryPoint","urlTemplate":"https:\/\/www.portalcop30.org\/?s={search_term_string}"},"query-input":{"@type":"PropertyValueSpecification","valueRequired":true,"valueName":"search_term_string"}}],"inLanguage":"en-US"}]}</script>
<!-- / Yoast SEO plugin. -->

&nbsp;“A COP30 na prática: atualizações para a participação do setor empresarial” que trará informações sobre a atuação da Amcham, o funcionamento das Green e Blue Zones, os Pavilhões do Brasil e orientações gerais para o credenciamento do setor privado.

Série de Webinars | COP30 na prática: atualizações para a participação do setor empresarial
